{"id":523,"date":"2015-05-28T14:43:48","date_gmt":"2015-05-28T12:43:48","guid":{"rendered":"http:\/\/www.flores-acores.com\/cms\/?page_id=523"},"modified":"2015-05-28T19:07:24","modified_gmt":"2015-05-28T17:07:24","slug":"azoren","status":"publish","type":"page","link":"https:\/\/flores-acores.com\/cms\/wetter\/azoren\/","title":{"rendered":"Azoren"},"content":{"rendered":"<p>[et_pb_section][et_pb_row][et_pb_column type=&#8220;4_4&#8243;][et_pb_image admin_label=&#8220;Bild&#8220; src=&#8220;https:\/\/flores-acores.com\/cms\/wp-content\/uploads\/2015\/03\/hortensien1.jpg&#8220; show_in_lightbox=&#8220;off&#8220; url_new_window=&#8220;off&#8220; animation=&#8220;left&#8220; sticky=&#8220;off&#8220; \/][\/et_pb_column][\/et_pb_row][et_pb_row][et_pb_column type=&#8220;4_4&#8243;][et_pb_text admin_label=&#8220;Text&#8220; background_layout=&#8220;light&#8220; text_orientation=&#8220;left&#8220;]<\/p>\n<p>Die <b>Azoren<\/b> (<a title=\"Portugiesische Sprache\" href=\"http:\/\/de.wikipedia.org\/wiki\/Portugiesische_Sprache\">portugiesisch<\/a> <i>Ilhas dos A\u00e7ores<\/i> [<span class=\"IPA\"><a title=\"Liste der IPA-Zeichen\" href=\"http:\/\/de.wikipedia.org\/wiki\/Liste_der_IPA-Zeichen\"><span title=\"Aussprache im Internationalen Phonetischen Alphabet (IPA)\">\u0250&#8217;so\u027e\u0268\u0283<\/span><\/a><\/span>], zu deutsch: <i>Habichtsinseln<\/i>) sind eine Gruppe von neun gr\u00f6\u00dferen und mehreren kleineren <a title=\"Portugal\" href=\"http:\/\/de.wikipedia.org\/wiki\/Portugal\">portugiesischen<\/a> <a title=\"Atlantischer Ozean\" href=\"http:\/\/de.wikipedia.org\/wiki\/Atlantischer_Ozean\">Atlantikinseln<\/a> (Hauptinsel <a title=\"S\u00e3o Miguel\" href=\"http:\/\/de.wikipedia.org\/wiki\/S%C3%A3o_Miguel\">S\u00e3o Miguel<\/a>), die 1369\u00a0km westlich vom <a title=\"Europa\" href=\"http:\/\/de.wikipedia.org\/wiki\/Europa\">europ\u00e4ischen<\/a> Festland (<a title=\"Cabo da Roca\" href=\"http:\/\/de.wikipedia.org\/wiki\/Cabo_da_Roca\">Cabo da Roca<\/a>) und 4382\u00a0km ostw\u00e4rts von <a title=\"Nordamerika\" href=\"http:\/\/de.wikipedia.org\/wiki\/Nordamerika\">Nordamerika<\/a> (US-Bundesstaat <a title=\"Virginia\" href=\"http:\/\/de.wikipedia.org\/wiki\/Virginia\">Virginia<\/a>) liegen. Die k\u00fcrzeste Entfernung (Insel Flores) zum nordamerikanischen Festland (<a title=\"Neufundland\" href=\"http:\/\/de.wikipedia.org\/wiki\/Neufundland\">Neufundland<\/a> in <a title=\"Kanada\" href=\"http:\/\/de.wikipedia.org\/wiki\/Kanada\">Kanada<\/a>) betr\u00e4gt 2342\u00a0km.<\/p>\n<p>Verwaltungstechnisch bilden die Azoren zusammengefasst eine autonome Region <a title=\"Portugal\" href=\"http:\/\/de.wikipedia.org\/wiki\/Portugal\">Portugals<\/a>, die <i>Regi\u00e3o Aut\u00f3noma dos A\u00e7ores<\/i>, und geh\u00f6ren somit zur <a title=\"Europ\u00e4ische Union\" href=\"http:\/\/de.wikipedia.org\/wiki\/Europ%C3%A4ische_Union\">Europ\u00e4ischen Union<\/a>.<\/p>\n<p>[\/et_pb_text][\/et_pb_column][\/et_pb_row][\/et_pb_section]<\/p>\n","protected":false},"excerpt":{"rendered":"<p><div class=\"et_pb_section et_pb_section_0 et_section_regular\" >\n\t\t\t\t\n\t\t\t\t\n\t\t\t\t\n\t\t\t\t\n\t\t\t\t\n\t\t\t\t\n\t\t\t\t\n\t\t\t\t\n\t\t\t\t\n\t\t\t<\/div><div class=\"et_pb_row et_pb_row_0 et_pb_row_empty\">\n\t\t\t\t\n\t\t\t\t\n\t\t\t\t\n\t\t\t\t\n\t\t\t\t\n\t\t\t<\/div><div class=\"et_pb_row et_pb_row_1 et_pb_row_empty\">\n\t\t\t\t\n\t\t\t\t\n\t\t\t\t\n\t\t\t\t\n\t\t\t\t\n\t\t\t<\/div> Die Azoren (portugiesisch Ilhas dos A\u00e7ores [\u0250&#8217;so\u027e\u0268\u0283], zu deutsch: Habichtsinseln) sind eine Gruppe von neun gr\u00f6\u00dferen und mehreren kleineren portugiesischen Atlantikinseln (Hauptinsel S\u00e3o Miguel), die 1369\u00a0km westlich vom europ\u00e4ischen Festland (Cabo da Roca) und 4382\u00a0km ostw\u00e4rts von Nordamerika (US-Bundesstaat Virginia) liegen. Die k\u00fcrzeste Entfernung (Insel Flores) zum nordamerikanischen Festland (Neufundland in Kanada) betr\u00e4gt 2342\u00a0km. [&hellip;]<\/p>\n","protected":false},"author":1,"featured_media":0,"parent":219,"menu_order":0,"comment_status":"open","ping_status":"closed","template":"","meta":{"_et_pb_use_builder":"on","_et_pb_old_content":"<p>[et_pb_section][et_pb_row][et_pb_column type=\"4_4\"][et_pb_image admin_label=\"Bild\" \/][\/et_pb_column][\/et_pb_row][\/et_pb_section]<\/p>","_et_gb_content_width":"","footnotes":""},"class_list":["post-523","page","type-page","status-publish","hentry"],"_links":{"self":[{"href":"https:\/\/flores-acores.com\/cms\/wp-json\/wp\/v2\/pages\/523","targetHints":{"allow":["GET"]}}],"collection":[{"href":"https:\/\/flores-acores.com\/cms\/wp-json\/wp\/v2\/pages"}],"about":[{"href":"https:\/\/flores-acores.com\/cms\/wp-json\/wp\/v2\/types\/page"}],"author":[{"embeddable":true,"href":"https:\/\/flores-acores.com\/cms\/wp-json\/wp\/v2\/users\/1"}],"replies":[{"embeddable":true,"href":"https:\/\/flores-acores.com\/cms\/wp-json\/wp\/v2\/comments?post=523"}],"version-history":[{"count":5,"href":"https:\/\/flores-acores.com\/cms\/wp-json\/wp\/v2\/pages\/523\/revisions"}],"predecessor-version":[{"id":534,"href":"https:\/\/flores-acores.com\/cms\/wp-json\/wp\/v2\/pages\/523\/revisions\/534"}],"up":[{"embeddable":true,"href":"https:\/\/flores-acores.com\/cms\/wp-json\/wp\/v2\/pages\/219"}],"wp:attachment":[{"href":"https:\/\/flores-acores.com\/cms\/wp-json\/wp\/v2\/media?parent=523"}],"curies":[{"name":"wp","href":"https:\/\/api.w.org\/{rel}","templated":true}]}}