{"id":219,"date":"2015-03-08T14:14:41","date_gmt":"2015-03-08T13:14:41","guid":{"rendered":"http:\/\/test.art-visavis.de\/?page_id=219"},"modified":"2015-06-15T19:52:39","modified_gmt":"2015-06-15T17:52:39","slug":"wetter","status":"publish","type":"page","link":"https:\/\/flores-acores.com\/cms\/wetter\/","title":{"rendered":"DIE INSEL"},"content":{"rendered":"<p>[et_pb_section fullwidth=&#8220;off&#8220; specialty=&#8220;off&#8220;][et_pb_row][et_pb_column type=&#8220;1_3&#8243;][et_pb_image admin_label=&#8220;Bild&#8220; src=&#8220;https:\/\/flores-acores.com\/cms\/wp-content\/uploads\/2015\/03\/lagoas_quadrat1.jpg&#8220; show_in_lightbox=&#8220;off&#8220; url_new_window=&#8220;off&#8220; animation=&#8220;left&#8220; sticky=&#8220;off&#8220; title_text=&#8220;Hier steht der Bildtitel&#8220; \/][et_pb_text admin_label=&#8220;Text&#8220; background_layout=&#8220;light&#8220; text_orientation=&#8220;left&#8220;]<\/p>\n<h1 style=\"text-align: center;\">Flores &#8211; Insel zwischen Europa und Amerika<\/h1>\n<p style=\"text-align: justify;\"><strong>1452<\/strong> entdeckte der Portugiese Diego de Teive die beiden abgeschiedenen Inseln <strong>Flores<\/strong> und seine kleine Nachbarinsel <strong>Corvo<\/strong>. Fr\u00fchere Namen von Flores waren <i>S\u00e3o Tom\u00e1s<\/i> und <i>Santa Maria<\/i>. Benannt wurde die Insel aber schlie\u00dflich nach ihrer einzigartigen Fauna mit ihrer bunten Blumenlandschaft. Besiedelt wurde sie allerdings erstmals um 1470 vom Flamen Wilhelm van der Haegen. Da die Insel zu abgeschieden lag und es keine regelm\u00e4\u00dfige Schiffsverbindung zu Europa gab, verlie\u00df er diese wieder nach einigen Jahren. Die ersten Siedler kamen um 1500 aus Portugal und gr\u00fcndeten die Ortschaften Lajes das Flores und Santa Cruz. Sie pflanzten Mais, Getreide und Gem\u00fcse an.<\/p>\n<p style=\"text-align: justify;\">Farbstoffe aus der Orseilleflechte und dem F\u00e4rberwaid &#8230;..<\/p>\n<p>[\/et_pb_text][\/et_pb_column][et_pb_column type=&#8220;1_3&#8243;][et_pb_image admin_label=&#8220;Bild&#8220; src=&#8220;https:\/\/flores-acores.com\/cms\/wp-content\/uploads\/2015\/03\/Walfang1.jpg&#8220; show_in_lightbox=&#8220;off&#8220; url_new_window=&#8220;off&#8220; animation=&#8220;left&#8220; sticky=&#8220;off&#8220; \/][et_pb_text admin_label=&#8220;Text&#8220; background_layout=&#8220;light&#8220; text_orientation=&#8220;left&#8220;]<\/p>\n<h1 style=\"text-align: center;\">Jahrhundertelang &#8211; abgeschieden<br \/>\nvom Rest der Welt<\/h1>\n<p style=\"text-align: justify;\">Aufgrund der abgeschiedenen Lage kamen nur selten Schiffe von den weit entfernten Azoreninseln Faial und Terceira, um Waren zu tauschen. Trotz der Isolation wurde Flores oft von Seer\u00e4ubern gepl\u00fcndert. Widerrum wird erz\u00e4hlt, dass auch die Inselbewohner falsche Signalfeuer legten um vorbeifahrende Schiffe auf die schroffen Klippen zu locken um diese anschlie\u00dfend auszurauben.<\/p>\n<p style=\"text-align: justify;\">Erst Mitte des 19. Jahrhunderts kam die Wende als amerikanische Walf\u00e4nger in den Gew\u00e4ssern der Azoren Jagd auf Pottwale machten. Viele Einwohner von Flores heuerten auf den Walf\u00e4ngern an. Eines der sch\u00f6nsten amerikanischen Walfangschiffe, die <em>Wanderer<\/em>, machte sogar bis 1924 Jagd auf Wale.<\/p>\n<p style=\"text-align: justify;\">1963 errichteten die Franzosen eine Fernmeldestation auf Flores. Ein Krankenhaus, ein Elektrizit\u00e4tswerk und ein Flughafen wurden in den folgenden Jahren errichtet und brachten der Insel finanziellen Aufschwung. Seit dem Abzug der Franzosen 1994 wird die Entwicklung des Tourismus forciert.<\/p>\n<p>[\/et_pb_text][\/et_pb_column][et_pb_column type=&#8220;1_3&#8243;][et_pb_image admin_label=&#8220;Bild&#8220; src=&#8220;https:\/\/flores-acores.com\/cms\/wp-content\/uploads\/2015\/03\/schwimbecken1.jpg&#8220; show_in_lightbox=&#8220;off&#8220; url_new_window=&#8220;off&#8220; animation=&#8220;left&#8220; sticky=&#8220;off&#8220; \/][et_pb_text admin_label=&#8220;Text&#8220; background_layout=&#8220;light&#8220; text_orientation=&#8220;left&#8220;]<\/p>\n<div class=\"csc-header csc-header-n1\">\n<h1 class=\"csc-firstHeader\" style=\"text-align: center;\">Blick auf Corvo &#8211; die kleine<br \/>\nNachbarinsel<\/h1>\n<\/div>\n<p><b>Diogo de Teive<\/b> foi capit\u00e3o de caravela e escudeiro do Casa do <a title=\"Infante D. Henrique\" href=\"http:\/\/pt.wikipedia.org\/wiki\/Infante_D._Henrique\">Infante D. Henrique<\/a>.Desembarcou na Ilha de Jesus Cristo (<a class=\"mw-redirect\" title=\"Terceira\" href=\"http:\/\/pt.wikipedia.org\/wiki\/Terceira\">Terceira<\/a>) em <a class=\"mw-redirect\" title=\"1 de Janeiro\" href=\"http:\/\/pt.wikipedia.org\/wiki\/1_de_Janeiro\">1 de Janeiro<\/a> de <a title=\"1451\" href=\"http:\/\/pt.wikipedia.org\/wiki\/1451\">1451<\/a>, como ouvidor do Infante D. Henrique. Realizou duas viagens de explora\u00e7\u00e3o para Ocidente do Mar dos <a title=\"A\u00e7ores\" href=\"http:\/\/pt.wikipedia.org\/wiki\/A%C3%A7ores\">A\u00e7ores<\/a>. Em <a title=\"1452\" href=\"http:\/\/pt.wikipedia.org\/wiki\/1452\">1452<\/a>, no regresso de sua segunda viagem, descobriu as ilhas das Flores e do Corvo. Inicialmente foram consideradas um novo arquip\u00e9lago, e receberam o nome de Ilhas Floreiras. Celebrou um contrato com o Infante D. Henrique, em 5 de Dezembro de 1452\u00a0 para instala\u00e7\u00e3o na Ilha de Madeira de um engenho hidr\u00e1ulico de <a title=\"A\u00e7\u00facar\" href=\"http:\/\/pt.wikipedia.org\/wiki\/A%C3%A7%C3%BAcar\">a\u00e7\u00facar<\/a>.<\/p>\n<p>[\/et_pb_text][\/et_pb_column][\/et_pb_row][\/et_pb_section]<\/p>\n","protected":false},"excerpt":{"rendered":"<p><div class=\"et_pb_row et_pb_row_0 et_pb_row_empty\">\n\t\t\t\t\n\t\t\t\t\n\t\t\t\t\n\t\t\t\t\n\t\t\t\t\n\t\t\t<\/div> Flores &#8211; Insel zwischen Europa und Amerika 1452 entdeckte der Portugiese Diego de Teive die beiden abgeschiedenen Inseln Flores und seine kleine Nachbarinsel Corvo. Fr\u00fchere Namen von Flores waren S\u00e3o Tom\u00e1s und Santa Maria. Benannt wurde die Insel aber schlie\u00dflich nach ihrer einzigartigen Fauna mit ihrer bunten Blumenlandschaft. Besiedelt wurde sie allerdings erstmals um [&hellip;]<\/p>\n","protected":false},"author":1,"featured_media":0,"parent":0,"menu_order":8,"comment_status":"open","ping_status":"open","template":"","meta":{"_et_pb_use_builder":"on","_et_pb_old_content":"<pre>\u00a0<\/pre>","_et_gb_content_width":"","footnotes":""},"class_list":["post-219","page","type-page","status-publish","hentry"],"_links":{"self":[{"href":"https:\/\/flores-acores.com\/cms\/wp-json\/wp\/v2\/pages\/219","targetHints":{"allow":["GET"]}}],"collection":[{"href":"https:\/\/flores-acores.com\/cms\/wp-json\/wp\/v2\/pages"}],"about":[{"href":"https:\/\/flores-acores.com\/cms\/wp-json\/wp\/v2\/types\/page"}],"author":[{"embeddable":true,"href":"https:\/\/flores-acores.com\/cms\/wp-json\/wp\/v2\/users\/1"}],"replies":[{"embeddable":true,"href":"https:\/\/flores-acores.com\/cms\/wp-json\/wp\/v2\/comments?post=219"}],"version-history":[{"count":3,"href":"https:\/\/flores-acores.com\/cms\/wp-json\/wp\/v2\/pages\/219\/revisions"}],"predecessor-version":[{"id":541,"href":"https:\/\/flores-acores.com\/cms\/wp-json\/wp\/v2\/pages\/219\/revisions\/541"}],"wp:attachment":[{"href":"https:\/\/flores-acores.com\/cms\/wp-json\/wp\/v2\/media?parent=219"}],"curies":[{"name":"wp","href":"https:\/\/api.w.org\/{rel}","templated":true}]}}

<p>[et_pb_section fullwidth=&#8220;off&#8220; specialty=&#8220;off&#8220;][et_pb_row][et_pb_column type=&#8220;1_3&#8243;][et_pb_image admin_label=&#8220;Bild&#8220; src=&#8220;https://flores-acores.com/cms/wp-content/uploads/2015/03/lagoas_quadrat1.jpg&#8220; show_in_lightbox=&#8220;off&#8220; url_new_window=&#8220;off&#8220; animation=&#8220;left&#8220; sticky=&#8220;off&#8220; title_text=&#8220;Hier steht der Bildtitel&#8220; /][et_pb_text admin_label=&#8220;Text&#8220; background_layout=&#8220;light&#8220; text_orientation=&#8220;left&#8220;]</p>
<h1 style="text-align: center;">Flores &#8211; Insel zwischen Europa und Amerika</h1>
<p style="text-align: justify;"><strong>1452</strong> entdeckte der Portugiese Diego de Teive die beiden abgeschiedenen Inseln <strong>Flores</strong> und seine kleine Nachbarinsel <strong>Corvo</strong>. Frühere Namen von Flores waren <i>São Tomás</i> und <i>Santa Maria</i>. Benannt wurde die Insel aber schließlich nach ihrer einzigartigen Fauna mit ihrer bunten Blumenlandschaft. Besiedelt wurde sie allerdings erstmals um 1470 vom Flamen Wilhelm van der Haegen. Da die Insel zu abgeschieden lag und es keine regelmäßige Schiffsverbindung zu Europa gab, verließ er diese wieder nach einigen Jahren. Die ersten Siedler kamen um 1500 aus Portugal und gründeten die Ortschaften Lajes das Flores und Santa Cruz. Sie pflanzten Mais, Getreide und Gemüse an.</p>
<p style="text-align: justify;">Farbstoffe aus der Orseilleflechte und dem Färberwaid &#8230;..</p>
<p>[/et_pb_text][/et_pb_column][et_pb_column type=&#8220;1_3&#8243;][et_pb_image admin_label=&#8220;Bild&#8220; src=&#8220;https://flores-acores.com/cms/wp-content/uploads/2015/03/Walfang1.jpg&#8220; show_in_lightbox=&#8220;off&#8220; url_new_window=&#8220;off&#8220; animation=&#8220;left&#8220; sticky=&#8220;off&#8220; /][et_pb_text admin_label=&#8220;Text&#8220; background_layout=&#8220;light&#8220; text_orientation=&#8220;left&#8220;]</p>
<h1 style="text-align: center;">Jahrhundertelang &#8211; abgeschieden<br />
vom Rest der Welt</h1>
<p style="text-align: justify;">Aufgrund der abgeschiedenen Lage kamen nur selten Schiffe von den weit entfernten Azoreninseln Faial und Terceira, um Waren zu tauschen. Trotz der Isolation wurde Flores oft von Seeräubern geplündert. Widerrum wird erzählt, dass auch die Inselbewohner falsche Signalfeuer legten um vorbeifahrende Schiffe auf die schroffen Klippen zu locken um diese anschließend auszurauben.</p>
<p style="text-align: justify;">Erst Mitte des 19. Jahrhunderts kam die Wende als amerikanische Walfänger in den Gewässern der Azoren Jagd auf Pottwale machten. Viele Einwohner von Flores heuerten auf den Walfängern an. Eines der schönsten amerikanischen Walfangschiffe, die <em>Wanderer</em>, machte sogar bis 1924 Jagd auf Wale.</p>
<p style="text-align: justify;">1963 errichteten die Franzosen eine Fernmeldestation auf Flores. Ein Krankenhaus, ein Elektrizitätswerk und ein Flughafen wurden in den folgenden Jahren errichtet und brachten der Insel finanziellen Aufschwung. Seit dem Abzug der Franzosen 1994 wird die Entwicklung des Tourismus forciert.</p>
<p>[/et_pb_text][/et_pb_column][et_pb_column type=&#8220;1_3&#8243;][et_pb_image admin_label=&#8220;Bild&#8220; src=&#8220;https://flores-acores.com/cms/wp-content/uploads/2015/03/schwimbecken1.jpg&#8220; show_in_lightbox=&#8220;off&#8220; url_new_window=&#8220;off&#8220; animation=&#8220;left&#8220; sticky=&#8220;off&#8220; /][et_pb_text admin_label=&#8220;Text&#8220; background_layout=&#8220;light&#8220; text_orientation=&#8220;left&#8220;]</p>
<div class="csc-header csc-header-n1">
<h1 class="csc-firstHeader" style="text-align: center;">Blick auf Corvo &#8211; die kleine<br />
Nachbarinsel</h1>
</div>
<p><b>Diogo de Teive</b> foi capitão de caravela e escudeiro do Casa do <a title="Infante D. Henrique" href="http://pt.wikipedia.org/wiki/Infante_D._Henrique">Infante D. Henrique</a>.Desembarcou na Ilha de Jesus Cristo (<a class="mw-redirect" title="Terceira" href="http://pt.wikipedia.org/wiki/Terceira">Terceira</a>) em <a class="mw-redirect" title="1 de Janeiro" href="http://pt.wikipedia.org/wiki/1_de_Janeiro">1 de Janeiro</a> de <a title="1451" href="http://pt.wikipedia.org/wiki/1451">1451</a>, como ouvidor do Infante D. Henrique. Realizou duas viagens de exploração para Ocidente do Mar dos <a title="Açores" href="http://pt.wikipedia.org/wiki/A%C3%A7ores">Açores</a>. Em <a title="1452" href="http://pt.wikipedia.org/wiki/1452">1452</a>, no regresso de sua segunda viagem, descobriu as ilhas das Flores e do Corvo. Inicialmente foram consideradas um novo arquipélago, e receberam o nome de Ilhas Floreiras. Celebrou um contrato com o Infante D. Henrique, em 5 de Dezembro de 1452  para instalação na Ilha de Madeira de um engenho hidráulico de <a title="Açúcar" href="http://pt.wikipedia.org/wiki/A%C3%A7%C3%BAcar">açúcar</a>.</p>
<p>[/et_pb_text][/et_pb_column][/et_pb_row][/et_pb_section]</p>

<p><div class="et_pb_row et_pb_row_0 et_pb_row_empty">
				
				
				
				
				
			</div> Flores &#8211; Insel zwischen Europa und Amerika 1452 entdeckte der Portugiese Diego de Teive die beiden abgeschiedenen Inseln Flores und seine kleine Nachbarinsel Corvo. Frühere Namen von Flores waren São Tomás und Santa Maria. Benannt wurde die Insel aber schließlich nach ihrer einzigartigen Fauna mit ihrer bunten Blumenlandschaft. Besiedelt wurde sie allerdings erstmals um [&hellip;]</p>
